is j(-8)?
-85
Let a(f) = 6*f + 48. Calculate a(-14).
-36
Let q(y) = -2*y + 99. What is q(33)?
33
Let k(c) = -c**2 + 18*c + 205. What is k(-8)?
-3
Let i(d) = -d**2 - 4*d - 3. What is i(-7)?
-24
Let z(n) = -2*n**3 + 4*n**2 - 7*n + 4. What is z(4)?
-88
Let k(v) = -v**2 + 5*v + 9. Calculate k(6).
3
Let n(t) = -t**2 + 4*t - 1. Determine n(7).
-22
Let u(d) = -5*d**2 + 5*d + 30. Give u(-4).
-70
Let d(u) = -3*u**2 - 6*u + 3. What is d(2)?
-21
Let r(h) = -2*h**2 + 28*h - 102. Calculate r(5).
-12
Let g(y) = y**3 + 5*y**2 + 4. Determine g(-5).
4
Let n(g) = g**3 - 5*g**2 - 4*g - 2. What is n(5)?
-22
Let x(u) = -6*u + 53. Give x(6).
17
Let q(f) = f**3 + 6*f**2 + 5*f + 5. Give q(-5).
5
Let b(d) = -d**2 + 9*d - 2. Give b(6).
16
Let y(s) = -s**2 + 7*s - 16. Determine y(4).
-4
Let d(p) = -p**2 + 4*p + 13. Calculate d(8).
-19
Let w(l) = l**3 + 3*l**2 + 4. Calculate w(-5).
-46
Let d(y) = 3*y + 56. Give d(-17).
5
Let g(f) = -f**3 - 10*f**2 - 7*f - 4. What is g(-9)?
-22
Let t(k) = -2*k + 10. Give t(-7).
24
Let o(s) = -s**3 - 3*s**2 - 3*s - 4. Determine o(-3).
5
Let c(h) = 45*h + 184. Give c(-4).
4
Let x(v) = -5*v - 25. What is x(-7)?
10
Let q(a) = a**2 + a - 3. What is q(-3)?
3
Let q(m) = -m**3 + 8*m**2 + 33*m - 137. What is q(10)?
-7
Let m(i) = -i**3 - 4*i**2 - 8*i - 27. What is m(-4)?
5
Let l(g) = -g**2 - 19*g - 9. What is l(-19)?
-9
Let p(x) = -x**2 + 13*x + 31. Determine p(16).
-17
Let r(n) = n - 4. What is r(10)?
6
Let s(g) = g**3 - 17*g**2 - 18*g - 8. What is s(18)?
-8
Let l(f) = f + 27. Determine l(-22).
5
Let z(u) = -22*u + 84. Calculate z(3).
18
Let k(m) = -m**3 - 3*m**2 + 16*m + 54. Calculate k(-4).
6
Let t(c) = c**3 + c**2 - c + 25. Calculate t(0).
25
Let k(i) = -5*i**2 - 14*i + 4. Calculate k(-7).
-143
Let r(f) = 2*f**2 + 2. Give r(5).
52
Let u(h) = -4*h + 41. Calculate u(12).
-7
Let q(t) = -t + 19. What is q(16)?
3
Let d(s) = 11*s + 2. What is d(4)?
46
Let j(u) = u**3 - u**2 + u + 6. What is j(0)?
6
Let f(j) = -2*j**2 + j + 1. Calculate f(-5).
-54
Let r(a) = -2*a**3 - 13*a**2 + 28*a + 16. Determine r(-8).
-16
Let k(v) = 2*v - 13. What is k(8)?
3
Let k(q) = 14*q - 2. Determine k(-4).
-58
Let k(r) = 38*r + 227. What is k(-6)?
-1
Let f(d) = -d**3 - 19*d**2 + 36*d + 44. What is f(-21)?
170
Let x(t) = -t**3 - 2*t**2 + 4*t + 7. Determine x(-4).
23
Let r(u) = u**3 + 10*u**2 - 13*u - 12. Determine r(-11).
10
Let z(h) = h**3 - h + 7. Calculate z(0).
7
Let t(q) = 18*q + 5. Give t(2).
41
Let g(f) = -f**2 + 9*f - 18. Determine g(8).
-10
Let b(q) = -67*q**3 + 3*q**2 - 2. Determine b(-1).
68
Let l(f) = -21*f + 1. Determine l(-3).
64
Let b(h) = -36*h + 9. Calculate b(2).
-63
Let m(r) = 2*r**3 + 4*r**2 + r - 2. Give m(-2).
-4
Let o(s) = s**3 + 24*s**2 - 31*s - 148. Calculate o(-25).
2
Let j(a) = -2*a**2 - 28*a - 69. Determine j(-12).
-21
Let g(t) = 4*t - 4. Give g(-1).
-8
Let n(d) = 8*d**2 + 52*d + 18. What is n(-6)?
-6
Let y(l) = -l**2 + 26*l - 23. Calculate y(25).
2
Let b(u) = 2*u + 42. What is b(-6)?
30
Let j(h) = 5*h - 5. What is j(2)?
5
Let o(n) = -n**3 + 9*n**2 + n - 12. Calculate o(9).
-3
Let k(q) = 3*q**2 - 6*q + 8. Determine k(5).
53
Let m(p) = -2*p**3 - 15*p**2 + 3*p + 65. Determine m(-7).
-5
Let r(v) = -4*v + 14. What is r(13)?
-38
Let w(v) = -2*v - 3. Calculate w(-5).
7
Let o(z) = z - 29. Give o(30).
1
Let i(w) = 35*w. Give i(-1).
-35
Let x(k) = 5*k**2 + 3*k + 3. Determine x(-2).
17
Let i(b) = -b**2 - 18*b + 29. Calculate i(5).
-86
Let w(h) = -h**3 + 9*h**2 + 3*h + 23. Determine w(10).
-47
Let l(r) = -2*r**2 + 22*r - 11. Calculate l(11).
-11
Let z(g) = -g**3 + 2*g + 2. Determine z(-1).
1
Let s(o) = -3*o + 19. Determine s(11).
-14
Let m(s) = -s + 2. What is m(-11)?
13
Let k(o) = 5*o. What is k(-3)?
-15
Let n(g) = -g**3 + 13*g**2 + 1. Give n(13).
1
Let f(u) = u**3 + 4*u**2 - 2*u - 7. Determine f(-5).
-22
Let w(v) = v**2 - v + 5. Determine w(4).
17
Let c(a) = -a**2 - 27*a - 87. What is c(-4)?
5
Let x(y) = y**2 - 5*y + 13. Give x(0).
13
Let q(c) = c**2 - 24. Give q(0).
-24
Let r(n) = -19*n**2 - 3*n - 2. Calculate r(-1).
-18
Let x(h) = 2*h - 8. What is x(2)?
-4
Let d(a) = 3*a - 25. Calculate d(7).
-4
Let n(u) = -u**2 + 3*u + 4. Calculate n(9).
-50
Let a(s) = -s**3 - 2*s**2 + 6*s + 6. Determine a(-4).
14
Let f(n) = -n**3 + 8*n**2 + 7*n - 20. What is f(9)?
-38
Let u(r) = 2*r**2 - 27*r + 15. Determine u(13).
2
Let b(z) = 3*z + 65. Calculate b(-19).
8
Let t(n) = n**3 - n**2 + 3*n - 4. Give t(2).
6
Let x(o) = o - 3. Determine x(5).
2
Let x(h) = -2*h + 5. What is x(7)?
-9
Let k(r) = r**3 - 19*r**2 - 23*r + 6. Calculate k(20).
-54
Let s(v) = -v**3 - 8*v**2 - 4*v - 6. Determine s(-6).
-54
Let u(y) = 37*y - 1. Determine u(1).
36
Let u(b) = -b**3 + 33*b**2 + 73*b - 50. Give u(35).
55
Let v(q) = -29*q - 81. Give v(-3).
6
Let x(c) = c**3 + c**2 - 4*c - 7. What is x(-2)?
-3
Let v(p) = -p - 7. Give v(-5).
-2
Let l(h) = -10*h - 66. Calculate l(-7).
4
Let d(h) = 2*h**2 - 33*h + 28. Give d(16).
12
Let a(k) = -2*k + 10. Determine a(3).
4
Let n(g) = g**2 - 10*g + 15. What is n(3)?
-6
Let t(o) = 8*o - 153. Determine t(18).
-9
Let f(p) = p**2 - 19*p. Calculate f(19).
0
Let v(j) = j - 23. What is v(11)?
-12
Let u(c) = -c**3 + 7*c**2 + 3*c - 14. Determine u(7).
7
Let z(x) = -3*x**3 - 3*x**2 - 3*x. What is z(3)?
-117
Let p(d) = -30*d + 309. Determine p(10).
9
Let v(l) = l + 29. What is v(-35)?
-6
Let n(z) = -z**2 + 7*z - 3. What is n(7)?
-3
Let m(f) = f**3 - 15*f**2 - 36*f + 31. Calculate m(17).
-3
Let o(u) = -2*u + 4. Determine o(4).
-4
Let a(u) = -u**3 + 10*u**2 - 13*u - 9. What is a(8)?
15
Let f(p) = -4*p + 50. Determine f(14).
-6
Let z(b) = -19*b - 23. Calculate z(-1).
-4
Let z(m) = 5*m + 5. Calculate z(6).
35
Let r(q) = 12*q**3 - 3*q**2 - 2*q - 1. Determine r(-1).
-14
Let i(r) = r**3 + 25*r**2 + 87*r + 66. Give i(-21).
3
Let t(z) = 2*z**2 - 23*z + 66. Determine t(8).
10
Let h(z) = 9*z - 8. Calculate h(7).
55
Let l(n) = 3*n**3 - 4*n**2 + 9*n - 14. Determine l(2).
12
Let l(m) = -m**3 - 5*m**2 - 1. Give l(-5).
-1
Let j(r) = r**3 + 4*r**2 + 5*r. Determine j(-3).
-6
Let s(g) = -3*g**3 + 3*g**2 + 2*g - 3. Calculate s(3).
-51
Let d(a) = 5*a + 9. What is d(-7)?
-26
Let x(d) = -d**3 + d**2 + 2*d + 2. Calculate x(-1).
2
Let t(r) = 2*r**2 + 14*r + 15. What is t(-8)?
31
Let q(j) = -j**3 - 2*j**2 + 3*j + 5. What is q(-2)?
-1
Let g(k) = -4*k + 2. Calculate g(1).
-2
Let a(o) = -33*o. What is a(-1)?
33
Let r(f) = -2*f + 44. What is r(22)?
0
Let f(s) = -10*s - 258. What is f(-26)?
2
Let j(o) = -o**3 + 2*o**2 - 1. Determine j(-3).
44
Let a(f) = f**3 + 3*f**2 + 8. Determine a(-3).
8
Let t(h) = -h**3 - 19*h**2 + h + 14. Give t(-19).
-5
Let h(j) = 2*j**3 - j**2 + 3*j + 7. Give h(-2).
-19
Let v(g) = -g**3 + g**2 - 3*g + 25. What is v(0)?
25
Let z(c) = 2*c**3 + c**2 - 3*c - 2. Determine z(3).
52
Let c(o) = 2*o**3 + o**2 - 18*o - 2. What is c(-4)?
-42
Let a(h) = 3*h**2 + 8*h - 22. What is a(4)?
58
Let l(c) = c**2 + 10*c - 16. Give l(-11).
-5
Let n(u) = u**3 - 25*u**2 + 18*u + 140. Determine n(24).
-4
Let a(r) = 2*r**2 - 10*r - 11. Determine a(6).
1
Let v(b) = 4*b - 23. Calculate v(7).
5
Let o(l) = l**3 - 4*l**2 - l - 2. What is o(3)?
-14
Let h(v) = -v**3 - 9*v**2 - 10*v + 18. What is h(-7)?
-10
Let i(q) = q + 7. What is i(-1)?
6
Let z(r) = -r**2 + 5*r + 2. Give z(4).
6
Let i(m) = m**3 - m**2 - 2*m + 2. Calculate i(1).
0
Let b(f) = -f**2 + 14*f - 5. Give b(10).
35
Let b(i) = -5*i + 37. What is b(6)?
7
Let w(g) = g**3 - 4. Calculate w(2).
4
Let l(k) = 2*k - 2. Give l(3).
4
Let d(c) = 7*c. Determine d(-3).
-21
Let q(c) = -26*c - 116. Calculate q(-5).
14
Let m(w) = w**3 - 10*w**2 - 11*w - 24. What is m(11)?
-24
Let z(k) = -4*k**3 - 4*k**2 + k - 1. Give z(-3).
68
Let f(v) = -2*v**2 - 2*v + 26. Calculate f(5).
-34
Let z(a) = -a**3 - 8*a**2 + 2*a + 2. Give z(-8).
-14
Let s(c) = -2*c**2 - 12*c + 3. Calculate s(-6).
3
Let u(k) = -k**3 + 9*k**2 - 11*k - 9. What is u(7)?
12
Let v(t) = -7*t - 1. Give v(2).
-15
Let n(c) = -25*c**3 + 3*c**2 + 3*c + 1. What is n(-1)?
26
Let a(y) = -y**3 + 21*y**2 + 269*y + 29. Calculate a(30).
-1
Let u(g) = -g**3 - 4*g**2 - 4*g - 3. Determine u(-2).
-3
Let h(k) = -16*k + 96. What is h(7)?
-16
Let g(a) = -a**3 + 2*a**2 - 2*a + 4. Determine g(3).
-11
Let x(h) = 4*h + 340. Give x(-84).
4
Let s(o) = -3*o**3 - 3*o**2 - 3*o - 1. Give s(-2).
17
Let z(d) = 3*d**2 + 2*d + 1. What is z(2)